{"id":9,"date":"2012-09-18T22:50:42","date_gmt":"2012-09-18T20:50:42","guid":{"rendered":"http:\/\/www.haimo.de\/?page_id=9"},"modified":"2022-08-21T07:54:34","modified_gmt":"2022-08-21T05:54:34","slug":"kunstlerbuch","status":"publish","type":"page","link":"https:\/\/www.haimo.de\/?page_id=9","title":{"rendered":"K\u00fcnstlerbuch und Katalog"},"content":{"rendered":"<p>Seit 1991 entstanden in loser Reihenfolge K\u00fcnstlerb\u00fccher in verschiedenen Techniken. Diese B\u00fccher haben jeweils eine limitierte Auflage und sind zum gro\u00dfen Teil vergriffen (verg.). Einzelne Abbildungen werden in den n\u00e4chsten Tagen folgen.<\/p>\n<p>1991 &#8211; Herbstbuch &#8211;\u00a0\u00a0\u00a0\u00a0\u00a0\u00a0\u00a0\u00a0\u00a0\u00a0\u00a0\u00a0 Radierungen und Gedichte (Auflage 20, verg.)<\/p>\n<p>1992 &#8211; Form Linie Fl\u00e4che &#8211; Hochdrucke und Gedichte (Auflage 40)<\/p>\n<p>1993 &#8211; bis hierher &#8211;\u00a0\u00a0\u00a0\u00a0\u00a0\u00a0\u00a0\u00a0\u00a0\u00a0\u00a0\u00a0\u00a0 Farbradierungen und Textauszug aus Hiob (Auflage 20, verg.)<\/p>\n<p>1994 &#8211; vom K\u00f6nig &#8211;\u00a0\u00a0\u00a0\u00a0\u00a0\u00a0\u00a0\u00a0\u00a0\u00a0\u00a0\u00a0\u00a0 Radierungen mit Langegedicht (Auflage 10, verg.)<\/p>\n<p>1995 &#8211; ich wie irr &#8211;\u00a0\u00a0\u00a0\u00a0\u00a0\u00a0\u00a0\u00a0\u00a0\u00a0\u00a0\u00a0\u00a0\u00a0 Hochdrucke und Texte (Auflage 20, verg.)<\/p>\n<p>1995 &#8211; in Bewegung &#8211;\u00a0\u00a0\u00a0\u00a0\u00a0\u00a0\u00a0\u00a0\u00a0 Hochdrucke und Texte (Auflage 120)<\/p>\n<p>1997 &#8211; INSICH &#8211;\u00a0\u00a0\u00a0\u00a0\u00a0\u00a0\u00a0\u00a0\u00a0\u00a0\u00a0\u00a0\u00a0\u00a0\u00a0\u00a0\u00a0\u00a0 Radierungen mit Texten (Auflage 8)<\/p>\n<p>1998 &#8211; Steinlupe &#8211;\u00a0\u00a0\u00a0\u00a0\u00a0\u00a0\u00a0\u00a0\u00a0\u00a0\u00a0\u00a0\u00a0\u00a0\u00a0\u00a0 Radierungen mit Texten (3 Auflagen mit je 8 Exemplaren)<\/p>\n<p>1998 &#8211; Sie das so rumstehen &#8211; Kopierbuch (Auflage 20, verg.)<\/p>\n<p>1998 &#8211; Nein nein, f\u00fcnzig &#8211;\u00a0\u00a0\u00a0 Kopierbuch (Auflage 20, verg.)<\/p>\n<p>1998 &#8211; Ich merk nichts &#8211;\u00a0\u00a0\u00a0\u00a0\u00a0 Kopierbuch (Auflage 20, verg.)<\/p>\n<p>1999 &#8211; W\u00f6rter suchen &#8211;\u00a0\u00a0\u00a0\u00a0\u00a0\u00a0\u00a0 Stempeldrucke und W\u00f6rter (Auflage 120, verg.)<\/p>\n<p>2003 &#8211; Unbehaust &#8211;\u00a0\u00a0\u00a0\u00a0\u00a0\u00a0\u00a0\u00a0\u00a0\u00a0\u00a0\u00a0\u00a0\u00a0 Holzschnitte und Gedichte von Weigoni (Auflage 100, verg.)<\/p>\n<p>2004 &#8211; Faszikel &#8211;\u00a0\u00a0\u00a0\u00a0\u00a0\u00a0\u00a0\u00a0\u00a0\u00a0\u00a0\u00a0\u00a0\u00a0\u00a0\u00a0\u00a0\u00a0\u00a0 gef\u00e4rbte Radierungen und Gedichte von Weigoni (Auflage 29)<\/p>\n<p>2006 &#8211; durch das Tagblau &#8211;\u00a0 Cyanotypien und Texte (Auflage 29, verg.)<\/p>\n<p>2007 &#8211; Idole &#8211;\u00a0\u00a0\u00a0\u00a0\u00a0\u00a0\u00a0\u00a0\u00a0\u00a0\u00a0\u00a0\u00a0\u00a0\u00a0\u00a0\u00a0\u00a0\u00a0\u00a0\u00a0\u00a0\u00a0\u00a0\u00a0 Leimhochdrucke und Gedichte von Weigoni (Auflage 29)<\/p>\n<p>2011 &#8211; Aquatik &#8211;\u00a0\u00a0\u00a0\u00a0\u00a0\u00a0\u00a0\u00a0\u00a0\u00a0\u00a0\u00a0\u00a0\u00a0\u00a0\u00a0\u00a0\u00a0\u00a0\u00a0 Holzschnitte und Laserdrucke (Auflage 29)<\/p>\n<p>2011 &#8211; Praegnarien &#8211;\u00a0\u00a0\u00a0\u00a0\u00a0\u00a0\u00a0\u00a0\u00a0\u00a0\u00a0\u00a0\u00a0\u00a0 Pr\u00e4gedrucke und Gedichte von Weigoni(Auflage 29)<\/p>\n<p>2013 &#8211; etwa 40 % Prozent\u00a0\u00a0\u00a0 Xerotypien, Gedichte und eine Federzeichnung (Auflage 29)<\/p>\n<p>2018 &#8211; Zyklop\u00a0\u00a0\u00a0\u00a0\u00a0\u00a0\u00a0\u00a0\u00a0\u00a0\u00a0\u00a0\u00a0\u00a0\u00a0\u00a0\u00a0\u00a0\u00a0\u00a0\u00a0\u00a0 Fotografien, (Auflage 50)<\/p>\n<p>2022 &#8211; Erwartete Zuf\u00e4lle\u00a0\u00a0\u00a0\u00a0\u00a0\u00a0\u00a0 Holzschnitte und Texte (Auflage 20)<\/p>\n<p>Kataloge<\/p>\n<ul>\n<li><em>Un Art<\/em> (1992).<\/li>\n<li><em>Kunst im alten Brauhaus<\/em> (1992).<\/li>\n<li><em>Nichtausschlie\u00dflich<\/em> (1994).<\/li>\n<li><em>Der Bogen bei Thorn<\/em> (1997).<\/li>\n<li><em>Dialog<\/em> (2000).<\/li>\n<li><em>Interim<\/em> (2003).<\/li>\n<li><em>Idole<\/em> und <em>Movi \u2013 running cologne<\/em> (2006).<\/li>\n<li><em>Pictarium<\/em> (2008).<\/li>\n<li><em>Alphabetikon<\/em> (2014)<\/li>\n<li><em>Super Speed Art<\/em> (2015)<\/li>\n<li><em>Partiale (2016)<\/em><\/li>\n<\/ul>\n","protected":false},"excerpt":{"rendered":"<p>Seit 1991 entstanden in loser Reihenfolge K\u00fcnstlerb\u00fccher in verschiedenen Techniken. Diese B\u00fccher haben jeweils eine limitierte Auflage und sind zum gro\u00dfen Teil vergriffen (verg.). Einzelne Abbildungen werden in den n\u00e4chsten Tagen folgen. 1991 &#8211; Herbstbuch &#8211;\u00a0\u00a0\u00a0\u00a0\u00a0\u00a0\u00a0\u00a0\u00a0\u00a0\u00a0\u00a0 Radierungen und Gedichte (Auflage 20, verg.) 1992 &#8211; Form Linie Fl\u00e4che &#8211; Hochdrucke und Gedichte (Auflage 40) 1993 &#8211; [&hellip;]<\/p>\n","protected":false},"author":1,"featured_media":0,"parent":0,"menu_order":2,"comment_status":"closed","ping_status":"open","template":"","meta":{"footnotes":""},"class_list":["post-9","page","type-page","status-publish","hentry"],"_links":{"self":[{"href":"https:\/\/www.haimo.de\/index.php?rest_route=\/wp\/v2\/pages\/9","targetHints":{"allow":["GET"]}}],"collection":[{"href":"https:\/\/www.haimo.de\/index.php?rest_route=\/wp\/v2\/pages"}],"about":[{"href":"https:\/\/www.haimo.de\/index.php?rest_route=\/wp\/v2\/types\/page"}],"author":[{"embeddable":true,"href":"https:\/\/www.haimo.de\/index.php?rest_route=\/wp\/v2\/users\/1"}],"replies":[{"embeddable":true,"href":"https:\/\/www.haimo.de\/index.php?rest_route=%2Fwp%2Fv2%2Fcomments&post=9"}],"version-history":[{"count":13,"href":"https:\/\/www.haimo.de\/index.php?rest_route=\/wp\/v2\/pages\/9\/revisions"}],"predecessor-version":[{"id":1181,"href":"https:\/\/www.haimo.de\/index.php?rest_route=\/wp\/v2\/pages\/9\/revisions\/1181"}],"wp:attachment":[{"href":"https:\/\/www.haimo.de\/index.php?rest_route=%2Fwp%2Fv2%2Fmedia&parent=9"}],"curies":[{"name":"wp","href":"https:\/\/api.w.org\/{rel}","templated":true}]}}